et g = 9 + k. Determine m(g).
-4
Let w(n) = -2*n - 2*n**2 + 3 - 4 - 1 - n**3. Suppose 7*o = 2*o + 50. Suppose 6*p = p - o. Give w(p).
2
Let k = -8 + 5. Let d(m) = 9*m + 8. Let q(o) = -5*o - 4. Suppose -4*h - 24 = -0*h. Let n(a) = h*d(a) - 11*q(a). Calculate n(k).
-7
Let t = -3 - -1. Let r(n) = -n**3 + 2*n**2 - 2*n + 3. Let q(g) = g**3 - 2*g**2 + g - 3. Let j(m) = t*q(m) - 3*r(m). Let b(v) = v - 2. Let d be b(4). Give j(d).
5
Let x(q) = -q**2 - 6*q + 2. Let c(b) = -2*b**3 + 3*b**2 - 5*b + 9. Let o be c(2). Calculate x(o).
7
Let a(v) = -v**2 + 2*v + 3. Let l(o) = o**2 + 7*o + 7. Let h be l(-5). Give a(h).
-12
Let g(w) be the third derivative of w**3/3 - 8*w**2. Let y(b) = -b - 3. Let l(s) = 3*g(s) + 2*y(s). What is l(-3)?
6
Suppose -4*v = -6*d + d + 9, 0 = -d - 3. Suppose -8 = 2*s + 2. Let h(f) = -f**2 + f + 3. Let t(y) = y**2 - 2*y - 4. Let k(g) = s*t(g) + v*h(g). Calculate k(-5).
7
Let a = 15 - 33. Let c(m) = 2*m. Let q(h) = 17*h - 3. Let u(g) = a*c(g) + 2*q(g). Let n be -9 + (-1 + 4 - -1). What is u(n)?
4
Let x(n) = n + 5. Let h = 9 - 13. Calculate x(h).
1
Let a = -10 - -21. Let w = a - 17. Let i(b) = -b**3 - 7*b**2 - 6*b - 6. What is i(w)?
-6
Let w(r) = -1 - r**3 - 10 - r**2 + 2*r + 5 + 2. Calculate w(-3).
8
Let i(j) = -12*j**2 + 1. Suppose 14*v - 9*v = 20. Suppose -4*q = -0 - v. Determine i(q).
-11
Suppose 5*j - 4*q = -0*j + 6, 0 = j + 3*q - 5. Suppose 2*m + 2 = -j. Let o be m/(-6) - 16/12. Let x(w) = 2*w**3 - w**2. Determine x(o).
-3
Let z(h) = -28 + h**2 - 25 + 4*h + 57 + h. Suppose 0 = -5*r - 3*n - 9, -2 = 3*r + r + 5*n. Determine z(r).
-2
Suppose -27 = 4*q - 7. Let c(b) = -b**2 - 5*b - 5. What is c(q)?
-5
Let n(u) = u**2 - 2*u + 1. Let h be n(1). Suppose h*i + 4 = -i. Let t(o) = o**3 + 5*o**2 + 4*o - 2. Give t(i).
-2
Suppose 4*h + 4*v - 8 = 3*h, 3*v - 6 = 0. Suppose h*m + m = -6. Let f(w) = -w**3 - 7*w**2 - 6*w - 6. Give f(m).
-6
Let h = -97 - -106. Let c(w) = -w + 11. Determine c(h).
2
Suppose 5*o + 5 + 0 = 0. Let f(w) = w. Give f(o).
-1
Let c be -2 + 2 + (-3 - 2). Let s(u) = u + 7. Let z be s(c). Let o(y) = y - 2. What is o(z)?
0
Let y(h) = -4*h + 3. Suppose 0 = -3*s - 9*b + 4*b + 1, 5*s + 5*b - 5 = 0. Calculate y(s).
-5
Suppose 4*f = 3*f + 5. Let o(v) = -3*v**3 - 2*v**2 - 2*v + 7. Let d = 3 - 1. Let z(q) = 7*q**3 + 5*q**2 + 5*q - 13. Let w(s) = d*z(s) + f*o(s). Calculate w(0).
9
Suppose -3*q - 4 = -13. Suppose -q*n + 36 = -3*d, 5*n = -2*d - d + 36. Let r(l) = 3 + n*l + 3*l**3 - 2 - 8*l. What is r(-1)?
-3
Let m(c) = -3*c**2 + 4*c - 6. Let p(u) = 0 - 7*u + 5 + 2 + 4 + 5*u**2. Let n(b) = 7*m(b) + 4*p(b). Determine n(-2).
-2
Let q(r) be the second derivative of -r + 0 + 0*r**2 + 0*r**4 - 1/2*r**3 - 1/120*r**5. Let d(t) be the second derivative of q(t). Calculate d(3).
-3
Let s = 4 - 6. Let l = 1 - s. Let g(d) = 4*d - 4. Determine g(l).
8
Suppose o = -4*c + 6, 4 = -3*c - c + 4*o. Let b(s) be the first derivative of -s**4 + 2*s**3/3 - s - 1. Give b(c).
-3
Let o(b) be the first derivative of -b**3/3 - 5*b**2/2 - b + 5. What is o(-4)?
3
Let j be 10/3 + (-7)/21. Let h(g) be the second derivative of 0 + j*g**2 - 1/6*g**3 - 2*g. What is h(5)?
1
Let r(n) = n**3 - 2*n**2 + n. Let x be ((-3)/(-1) - 4)*-3. Give r(x).
12
Suppose 0 = 3*j - 1 + 4. Let g(t) = -8*t**2 - t. Determine g(j).
-7
Suppose -4 = -5*x + 6. Let t(h) = -h**2 + 7*h - 3. Let d be t(6). Let r(z) = 9*z + d - x - 4*z. Determine r(-2).
-9
Let p(n) = 10*n**3 - 3*n**2 - 10*n + 29. Let z(j) = 3*j**3 - j**2 - 3*j + 10. Let o(g) = 2*p(g) - 7*z(g). Calculate o(0).
-12
Let w(h) be the first derivative of -h**2 + 8*h - 38. Let c(v) = -v**3 + 3*v**2 + 3*v - 3. Let z be c(3). Determine w(z).
-4
Let f = -5 - -9. Let k(g) = -f*g + 3*g + 4 - 2*g - g. Determine k(3).
-8
Let p(k) = k**2 - k. Let n be 1/(-2)*(-6)/(2 - 5). Let a(g) = g + g**2 - 9*g**2 - g**3 + 2*g**2 + 5. Let d(q) = n*a(q) - 2*p(q). Calculate d(-4).
-9
Let k(o) be the second derivative of -o**5/20 + 5*o**4/12 - o**3/2 - 2*o**2 - 13*o. Determine k(4).
0
Let q = -22 + 27. Let t be 12/q - (-10)/(-25). Let c(f) be the first derivative of -f**4/2 + f**3 - 2*f - 1. What is c(t)?
-6
Let i = 28 - 25. Let a(o) be the first derivative of -1/4*o**4 - o - 3*o**2 - 1 + 7/3*o**i. Determine a(6).
-1
Suppose -15 = -4*d + 9. Let s(h) = -h + 5. Calculate s(d).
-1
Suppose -3 = 5*d + 42. Let o(i) be the first derivative of -i**4/4 - 10*i**3/3 - 5*i**2 - 4*i - 17. Let x be o(d). Let j(v) = v**2 - 6*v - 3. What is j(x)?
-8
Let c(w) = -w**3 - 1 - 12*w**2 + 11*w + 5*w**2 - 4*w + 0*w**2. Calculate c(-8).
7
Let a(r) be the third derivative of r**4/12 + r**3/3 + 2*r**2 - 27. Determine a(5).
12
Suppose 3*a - 6 + 3 = 3*o, 6 = -2*a + 4*o. Suppose -4*d = -3*d - q, -a*d + 4*q - 1 = 0. Let v(g) = -12*g**2 + g + 1. Give v(d).
-12
Suppose -s + 7 = 2. Suppose 0*u - s = -5*u, 0 = -d - 3*u + 5. Let o(y) = -y**d - 5 + 4*y - 2 - 12*y. Calculate o(-5).
8
Let q(s) = -2*s - 1. Let o be q(-2). Suppose 6 + 6 = o*d. Let t(j) = 6*j**3 - d*j**2 - 6 + 2 - 3*j**3 - 4*j**3 + 5*j. What is t(-5)?
-4
Let y(j) = j**2 + 2*j + 1. Suppose 5*w + 7*l - 17 = 3*l, 4*w = -2*l + 16. Suppose 2*i + i = -w*n - 22, 0 = -i - 3*n - 10. Calculate y(i).
9
Let r(p) be the first derivative of -p**4/4 + p**3 - p**2 + p - 1. Give r(2).
1
Let a be 12/(-8)*44/(-6). Let g(f) = -f + 0*f + 1 - a. Give g(-5).
-5
Let m = -11 - -13. Let j(q) = -2 - q + 4 + 3 + m*q. Calculate j(-3).
2
Let h(b) = -6*b + 3. Let t(m) = -9*m + 4. Let j(a) = 7*h(a) - 5*t(a). Give j(1).
4
Let d(a) = -4*a**3 + 2*a**2 - 2*a + 1. Let k(b) = 9*b**3 - 5*b**2 + 5*b - 3. Let c(z) = 5*d(z) + 2*k(z). Calculate c(-1).
1
Let b(f) = 7*f - 1. Let h(u) = u**3 + 4*u**2 + 2*u. Let d be h(-3). Let w = d - 2. Give b(w).
6
Let u(i) be the second derivative of i**4/12 + i**3/3 + i**2/2 - i. Let k be u(-1). Let y(s) be the second derivative of -s**3/6 + 5*s**2/2 + 5*s. Give y(k).
5
Let p(z) = -3 - 18*z**3 + 11 + 17*z**3 + 0 + z**2. Give p(0).
8
Let w(c) = c - 5. Let u = 38 - 46. Calculate w(u).
-13
Let d(a) = 6 + 10*a - 7 + 2. Calculate d(1).
11
Let j(p) = -8*p**3 + 26*p**2 + 12*p + 6. Let l be ((7 - 4) + -7)/(-1). Let w(y) = -3*y**3 + 9*y**2 + 4*y + 2. Let x(d) = l*j(d) - 11*w(d). What is x(-2)?
6
Let u(q) = q + 3. Suppose -2*z = -3*j - 22, -2*j - 2*z = -0*j + 8. Let m be 2/(-1 - j/4). Calculate u(m).
7
Let a be 20/(-6) + (8/(-6))/2. Let r(s) = s**3 + 2*s**2 - 7*s - 6. Calculate r(a).
-10
Let f(i) be the second derivative of 0*i**2 - 5/6*i**3 - i + 0. Calculate f(1).
-5
Let u(p) be the first derivative of p**6/15 - p**3/6 - p**2/2 - 3. Let x(m) be the second derivative of u(m). What is x(-1)?
-9
Let l be (-7)/28 - 5/(-4). Let w be l/(20/8)*10. Let p(m) = m**2 - 4*m + 2. Give p(w).
2
Let n(c) = 4 - 1 - 2 - 4 - c. Let l(u) = u**2 + u**3 + 1 + 2*u**2 + u + 0*u. Let m be l(-2). What is n(m)?
-6
Let a(l) = -4*l**2 - 2*l + 2. Let s(q) = 5*q**2 + 2*q - 2. Let b(u) = 6*a(u) + 5*s(u). Give b(4).
10
Let w(f) = 2*f + 3. Suppose 0 = -2*k + k + 9. Suppose -4*u - c - 12 = 0, -2*c - k = 3*u - 3*c. Give w(u).
-3
Let r = 6 + -8. Let s(i) = 0 + i**2 + 0 + 2*i + 0. What is s(r)?
0
Let j(h) = -h**3 - h**2 - h + 3. Suppose -5*c + k - 2*k = 0, 5*c - 2*k = 0. Let z be j(c). Let x(q) = q**2 + 3. Calculate x(z).
12
Let g = 7 - 6. Let b(v) = v + 1. Let i(a) = a**2 + a + 10. Let l(p) = g*i(p) - 6*b(p). Suppose q + 2*q - 12 = 0. What is l(q)?
0
Let y be (0 - 1) + (2 - -2). Let i = -3 + y. Let p(c) = 0*c - 4 - c + 1. Determine p(i).
-3
Let c(y) be the first derivative of -y**2/2 + 3*y - 11. Suppose 5*n - 2*a = -10, 0*n - 4*a - 4 = -4*n. What is c(n)?
7
Let y be (-9)/(-4)*48/18. Let z(j) = -j**3 + 2*j**2 + 6*j + j**2 + j**2 + 3 + j**2. What is z(y)?
3
Let u(m) be the first derivative of -m**4/4 + 2*m**3/3 - m**2 - 2*m - 5. Calculate u(-2).
18
Let u be ((-2 - -4)*-1)/2. Let c(n) = -8*n**3 - n. What is c(u)?
9
Suppose -2*x + 4 + 6 = 0. Suppose -6 = 5*n - 21. Suppose x*y - 16 = 2*s - 6*s, s - n = -y. Let j(v) = -v**2. Determine j(s).
-1
Let a(i) be the second derivative of -i**4/12 - i**3/2 - 2*i. Suppose 4*f - 3 - 9 = -2*d, 2*d - f + 13 = 0. Give a(d).
-4
Let f be 6 + (-2)/(-4)*-2. Let u = f + -5. Let a(o) = -5*o**2 - 5. Let p(y) = y**2 + 1. Let c(m) = 2*a(m) + 11*p(m). Give c(u).
1
Let r = 15 - 9. Let s be 2*(2 - 3/r). Let u(c) = c**2 - 3*c - 2. Calculate u(s).
-2
Let u = 237 - 72. Suppo